me factors of b?
2, 7, 13
Suppose -w = -x + 6, 4*w = 2*x - x - 12. Suppose 21*h = 19*h + 6. Suppose 4*o - 3*m - 60 = h*o, 2*o - x*m - 110 = 0. List the prime factors of o.
3, 5
Let y be (-2)/3*363/22. Let t = -13 - y. What are the prime factors of (-1)/t*6*9?
3
Let a = -30 + 40. Suppose a = -3*y + 5*v + 25, 0 = -4*y - 4*v + 20. What are the prime factors of y?
5
Let q(b) = 71*b - 69. What are the prime factors of q(7)?
2, 107
Suppose -5*v = 43 - 88. Suppose -8*w - 34 = -v*w. List the prime factors of w.
2, 17
Let o(w) be the second derivative of w**4/24 + 3*w**3 + 4*w**2 - 3*w. Let k(p) be the first derivative of o(p). List the prime factors of k(0).
2, 3
Let q = -24 + 22. Let m be (1/(-1))/(q/90). Suppose 295 = 5*v + m. List the prime factors of v.
2, 5
Let d(o) = o**2 - 17*o - 48. Let g be d(20). Let l = 69 + g. List the prime factors of l.
3
Let q(v) = 32*v + 5. Let u be q(-3). Let t = 155 + u. What are the prime factors of t?
2
Let g be 33/3 - (4 + -1). What are the prime factors of ((-12)/g)/((-12)/424)?
53
Suppose 5*o + 3310 = 3*y, -2*y + o - 49 + 2265 = 0. What are the prime factors of y?
2, 3, 5, 37
Let m be (-3 - (-374 + -3))/2. Suppose -7*d + m = -415. What are the prime factors of d?
2, 43
Suppose -g = h + 67, -43 = h - 5*g - 0*g. Let d = h - -81. List the prime factors of d.
2, 3
Suppose 284 = 4*b + 4*u, -5*b + 3*u + u = -382. List the prime factors of b.
2, 37
Let j be (12/3 - 1)/(12/(-232)). What are the prime factors of (-4 + 0)/(4/j)?
2, 29
Let u = -31 + 25. What are the prime factors of u/8 - (-99)/4?
2, 3
Let v = -37 + 32. Let u = v - -16. List the prime factors of u.
11
Let z = 1166 + -707. What are the prime factors of z?
3, 17
Suppose 5*k - 15 = 0, -2*k + 6*k = -y + 838. List the prime factors of y.
2, 7, 59
Let y(z) = 1765*z - 8. What are the prime factors of y(1)?
7, 251
Suppose -d - 2*g + 22 = 0, 127 - 28 = 4*d - 3*g. Suppose 9 = -6*u - 9. Let h = d - u. List the prime factors of h.
3
Suppose -z + j - 285 = 0, -937 = 2*z - 3*j - 362. Let k = z - -413. What are the prime factors of k?
7, 19
Let x be (-4)/(-8) + (-4)/(-8). Suppose -4*k - 2*y = -30, 2*k + 5*y + 6 = x. List the prime factors of k.
2, 5
Let l be 0/(-5) + 4 + -3. Let c be (-3)/(-4)*4*l. Suppose -4*g + 62 = 4*v + 6, c*v + 5*g = 38. List the prime factors of v.
2
Let k(o) = o**3 + 4*o**2 - 8*o - 11. Let b be k(-5). What are the prime factors of (-2)/(-1 + (-588)/(-604))*b?
2, 151
Let a(j) be the third derivative of j**5/60 + j**4/6 - j**3 - j**2. List the prime factors of a(-9).
3, 13
Suppose 85 = -5*n + 500. Let x be ((-32)/14)/(-8) + (-303)/7. Let q = x + n. What are the prime factors of q?
2, 5
Suppose 67 = 3*o - 113. Suppose o = q - 3*d, -3*d = 2*d - 20. Suppose 6*h - q = 2*h. What are the prime factors of h?
2, 3
Let o(q) = 35*q**2 - 8*q. Let l be o(-3). List the prime factors of l/7 + (-2 - (-55)/35).
2, 3
Let a(j) be the third derivative of 1/12*j**4 + 0*j**5 - 1/3*j**3 - 3*j**2 + 1/120*j**6 + 0*j + 0. List the prime factors of a(3).
31
Let p = 1417 + -94. List the prime factors of p.
3, 7
Let l(m) = 39*m**2 - 8*m + 59. What are the prime factors of l(5)?
2, 7, 71
Let l be 93/(-15) + 6 + 1/5. List the prime factors of (2 - (7 - l))*1248/(-120).
2, 13
List the prime factors of -15 + 9 + 2 + 4824.
2, 5, 241
Let t(d) = -4*d**3 - d**2 + 4*d + 4. Let a = 9 - 11. What are the prime factors of t(a)?
2, 3
Let n = 13 + -11. Suppose 3*j + n*j = 20. Suppose 0 = j*q - 4 - 12. List the prime factors of q.
2
Suppose 0 = -4*r + 721 + 543. Suppose -9 = -3*h + 3, 2*g + 5*h - r = 0. What are the prime factors of g?
2, 37
Let h = 181 - 49. Suppose 3*j - 10 - 11 = 0. Suppose h = 5*o - t, -2 - j = -3*t. List the prime factors of o.
3
Suppose -5*k - 5*g + 651 + 1344 = 0, 3*g = 4*k - 1631. List the prime factors of k.
2, 101
List the prime factors of (-25)/(-15) + -3 - 11730/(-9).
2, 3, 7, 31
Let b(w) = w**2 + 12*w + 8. Let a be b(-11). Let t be 0/((-15)/((-9)/a)). Suppose 3*l - l - 48 = t. List the prime factors of l.
2, 3
What are the prime factors of 31912/40 + (-11)/(-55)?
2, 3, 7, 19
Suppose x = -3*s + 10, -3*x + 16 = 2*s - 0. Suppose x*h - 215 = -19. List the prime factors of h.
7
Let o = 2503 + -929. What are the prime factors of o?
2, 787
Suppose 31*x = -1978 + 7682. What are the prime factors of x?
2, 23
Suppose 56*g + 1820 = 61*g. List the prime factors of g.
2, 7, 13
Let c be (-957)/(-9) + 6/9. Let m = 20 + c. List the prime factors of m.
127
Suppose 2113 + 1991 = 9*i. List the prime factors of i.
2, 3, 19
Suppose 799 = 4*s + 203. Suppose 2*g + 47 = s. What are the prime factors of g?
3, 17
Let c(f) = 7*f + 12. Let l(s) be the second derivative of -s**3/6 + 7*s**2/2 - 9*s. Let k be l(3). List the prime factors of c(k).
2, 5
Let p be 264/3*-2 + 2. Let z = p + 299. What are the prime factors of z?
5
Suppose -12 = 6*c - 9*c. Suppose -c*i + 236 = a, i - 3*a = 6*i - 302. List the prime factors of i.
2, 29
Let a(x) = x**3 + 2*x**2 - 4*x - 4. Let w be a(-4). Let m = -13 - w. List the prime factors of m.
7
Let r be 30/4*(7 + -3). Suppose -5 = 5*u - 4*o, 3*u + 5*o - 2*o = -r. What are the prime factors of (13/u - -1)*-30?
2, 3
Let i be 20/(-120) + 73/6. Suppose -4*g = -g - i. Suppose -5*k + g*k + 40 = 0. What are the prime factors of k?
2, 5
Let t = 0 - -5. Suppose y = -2*r + 5, -1 = -t*y - r - 3. What are the prime factors of y/(-1 - 24/(-25))?
5
Suppose -2*i = 2*i. Let l be (3/(-4) + i)*-4. Suppose -5*m + 105 - 35 = 5*g, m - l*g = 26. List the prime factors of m.
17
Suppose 5*y = 771 + 2814. What are the prime factors of y?
3, 239
List the prime factors of -3 + 1045/(2 - -3).
2, 103
Let i(a) = a**2 + 4*a - 8. Let h(q) = -q**2 + 15*q - 9. Let l be h(15). List the prime factors of i(l).
37
Let h(q) = -q**3 - 22*q**2 - 32*q + 27. What are the prime factors of h(-22)?
17, 43
Let g = 117 + -114. Suppose -g*m = -375 - 3. List the prime factors of m.
2, 3, 7
Let p = 178 + 222. Suppose 0 = 4*x, -4*g - 5*x + 0*x = -p. Suppose 11*a - 6*a - g = 0. What are the prime factors of a?
2, 5
Suppose -2*c - 2792 = -3*x - 0*x, 3*x + 2*c - 2800 = 0. Suppose 4*o - x = -3*w + 4*w, 1156 = 5*o + w. What are the prime factors of o?
2, 29
Let i(t) = 42*t**2 + 23*t + 7. List the prime factors of i(-4).
587
What are the prime factors of (-1)/((-3)/((-6714)/6708) + -3)?
373
Suppose -18229 = -11*z + 18654. What are the prime factors of z?
7, 479
Let d(w) = -34*w + 23. Suppose 8 - 2 = s + 3*f, 4*f - 21 = 3*s. What are the prime factors of d(s)?
5
Let k be -3 - 18/(-3)*1. Suppose 0 = 2*j - k*j + 5. Suppose j*q + 4*f = -0*q + 150, 20 = 4*f. List the prime factors of q.
2, 13
Let h(j) = -2*j + 3. Let w(a) = -a + 3. Let s(l) = 6*h(l) - 5*w(l). What are the prime factors of s(-3)?
2, 3
Let v = -26 + 301. Suppose 2*w - c - v = 2*c, 2*c = -10. What are the prime factors of w?
2, 5, 13
Suppose 0 = 3*j, 38 - 324 = -2*s + 4*j. Suppose 4*o = s + 117. Suppose r + 3*z = 13, -5*z + o = 5*r - 40. List the prime factors of r.
5
Let t = 1 + 4. Suppose -5*a + 0*a = 25, t = -5*m - 5*a. Suppose 3*c - 4*c = m*b - 61, -133 = -3*c - 2*b. What are the prime factors of c?
41
Let o(k) = 2*k**2 + 8*k + 12. Let r be o(-5). Let v = r - -6. What are the prime factors of v?
2, 7
Let g(z) = -10*z - 3*z + 2*z - 2*z**2 + 16*z + 4 - 3*z**3. What are the prime factors of g(-3)?
2, 13
Let u(z) = -3*z + 4. Suppose -1 = 5*a - 4*j - 17, -4*a = -2*j - 8. Suppose 8 = -2*s - a*s. List the prime factors of u(s).
2
List the prime factors of 2/(5*(-2)/(-7570)).
2, 757
Suppose 2*j + 2442 = l - 0*j, 5*j + 2436 = l. What are the prime factors of l?
2, 1223
Let q(u) = u**2 + 10*u - 2. Let c be q(-13). Suppose 2*i - 25 = 2*o + o, 0 = -4*o - i - c. List the prime factors of 16/72 + (-691)/o.
7, 11
Let n = -4625 - -7371. What are the prime factors of n?
2, 1373
Let o = 10252 + -7174. List the prime factors of o.
2, 3, 19
Let i be ((-12)/78 - 3540/(-26)) + 0. Let v = i - 60. List the prime factors of v.
2, 19
Let w(p) = -p**3 - 17*p**2 - 176*p - 29. What are the prime factors of w(-15)?
2161
Suppose -2*q = 4*d - 54 - 338, -583 = -3*q - 5*d. What are the prime factors of q?
2, 3, 31
Suppose 15 - 57 = 3*c - j, 4*c + 4*j = -40. Let b = -11 - c. Suppose -4*s = -4*l + 84, s + b = -4*l + 76. What are the prime factors of l?
19
Suppose -7*i + 2*i = -10. Suppo